me number?
False
Is 3700406299 a prime number?
False
Is 62913483889 prime?
False
Is 848104493 a prime number?
True
Is 29054711165 a composite number?
True
Is 3932641333 a prime number?
False
Is 1899408703 a prime number?
True
Is 89664014569 prime?
True
Is 3599353117 composite?
False
Is 186108665327 a prime number?
False
Is 157908186859 a composite number?
False
Is 73146178949 a prime number?
True
Is 1346200397 a prime number?
True
Is 42623849105 prime?
False
Is 8180740063 a composite number?
False
Is 53572566693 composite?
True
Is 1179066569 a prime number?
False
Is 2146071397 composite?
True
Is 9514512431 a prime number?
True
Is 31062920899 a composite number?
False
Is 15217203667 a prime number?
False
Is 174086620789 a composite number?
False
Is 81279931 composite?
True
Is 1791099421 a composite number?
True
Is 237520219 a composite number?
True
Is 860015503 composite?
True
Is 106218267 composite?
True
Is 6488143601 prime?
False
Is 1079683323 a prime number?
False
Is 128116927247 prime?
True
Is 8640622661 a composite number?
True
Is 19217065279 prime?
True
Is 127090324001 prime?
False
Is 836809049 composite?
False
Is 1974302606 composite?
True
Is 20051195987 a prime number?
True
Is 301963483799 composite?
False
Is 187901327 composite?
False
Is 86809399597 prime?
False
Is 281279189 a composite number?
False
Is 729251551 a prime number?
False
Is 230721630253 a composite number?
False
Is 59153378855 a prime number?
False
Is 4464820253 composite?
True
Is 2395837 a composite number?
True
Is 72498037663 composite?
True
Is 9274285873 a prime number?
False
Is 3190615577 prime?
True
Is 16416922663 a prime number?
True
Is 10835456461 a composite number?
True
Is 1054355153 composite?
True
Is 545570279 a prime number?
True
Is 39632096569 a prime number?
False
Is 52817250533 prime?
True
Is 7155557213 a prime number?
False
Is 554608919 a prime number?
True
Is 1273527601 a prime number?
False
Is 664650611 a prime number?
True
Is 265371592627 composite?
False
Is 8709274547 a prime number?
True
Is 6413113589 prime?
True
Is 14621587907 a composite number?
False
Is 721102757 a composite number?
True
Is 8662617269 a prime number?
False
Is 9095000567 prime?
False
Is 613672589 a composite number?
False
Is 16069913363 composite?
True
Is 772985777 a prime number?
True
Is 5451647813 a composite number?
False
Is 1588494041 prime?
False
Is 3492082817 composite?
False
Is 129563725229 a composite number?
False
Is 6900886501 prime?
False
Is 129260755427 a composite number?
False
Is 717296639 a prime number?
True
Is 45185189107 a prime number?
True
Is 17225389 a composite number?
False
Is 7227167 a composite number?
False
Is 79350247 a prime number?
False
Is 164184271 a composite number?
True
Is 2652918973 a composite number?
True
Is 8146814863 prime?
False
Is 55466656351 prime?
True
Is 16358628509 composite?
False
Is 3600410143 a composite number?
True
Is 2049674245 composite?
True
Is 1246980067 composite?
False
Is 359689487 prime?
False
Is 913267973 prime?
False
Is 3154783735 prime?
False
Is 708877397 a composite number?
True
Is 48190575887 composite?
False
Is 251272781 composite?
True
Is 1513443871 a prime number?
True
Is 42434340017 a composite number?
True
Is 30382525841 prime?
True
Is 570506187 a prime number?
False
Is 40799111 composite?
True
Is 129827641 prime?
True
Is 7369501351 composite?
False
Is 271852311205 a prime number?
False
Is 12337727717 a composite number?
True
Is 56604556561 prime?
False
Is 23670753937 prime?
False
Is 4356865817 a prime number?
True
Is 642856262 a prime number?
False
Is 1506505873 a prime number?
True
Is 16014630293 a composite number?
False
Is 67473526121 a prime number?
True
Is 5635349789 composite?
False
Is 14513638121 a composite number?
True
Is 9068654707 composite?
True
Is 32164863251 a prime number?
True
Is 4548789299 composite?
True
Is 645633687 a prime number?
False
Is 1844615081 composite?
False
Is 52526147659 a prime number?
False
Is 311744981 a composite number?
True
Is 11458987 prime?
True
Is 118419529 a composite number?
False
Is 4274985523 prime?
True
Is 1014268247 prime?
False
Is 2762278637 a composite number?
True
Is 2197217651 a composite number?
True
Is 427811303 a composite number?
False
Is 7292598191 prime?
False
Is 20407382113 a prime number?
True
Is 8688638551 prime?
True
Is 4725561131 a prime number?
True
Is 648265297 prime?
False
Is 11507769649 composite?
True
Is 10485439141 composite?
False
Is 2501927313 a prime number?
False
Is 2771245159 a prime number?
True
Is 855679057 composite?
True
Is 3865619831 a composite number?
False
Is 49574925919 a composite number?
True
Is 572572223 a prime number?
False
Is 1535587583 composite?
True
Is 11630500859 a composite number?
False
Is 34168784063 a composite number?
True
Is 4001921093 a prime number?
False
Is 212886433 a prime number?
False
Is 3962787337 composite?
False
Is 23454800489 prime?
True
Is 3000575971 a composite number?
True
Is 13215652085 composite?
True
Is 35666299 a composite number?
True
Is 28982287 a composite number?
True
Is 5563856417 prime?
False
Is 779094647 composite?
True
Is 314607761 a composite number?
True
Is 1513215857 a prime number?
True
Is 2044235587 a composite number?
True
Is 84931352981 composite?
False
Is 1911037049 composite?
False
Is 3650468737 a composite number?
False
Is 16584218237 a prime number?
True
Is 3935161199 a composite number?
True
Is 37904593817 prime?
True
Is 111262111 a prime number?
True
Is 50458451 a prime number?
True
Is 10387892273 a composite number?
True
Is 5989429499 a composite number?
True
Is 19287571106 a composite number?
True
Is 516845117 composite?
False
Is 7661262047 a prime number?
True
Is 1921723451 composite?
True
Is 110837874601 a composite number?
True
Is 34928540183 a composite number?
False
Is 122404013 a composite number?
False
Is 15992775889 a prime number?
True
Is 85652027 a composite number?
False
Is 173094536177 composite?
True
Is 95915737 a prime number?
True
Is 4599213769 a prime number?
True
Is 14226684163 a prime number?
False
Is 306328378 a composite number?
True
Is 2753017601 a prime number?
True
Is 573560261 a composite number?
False
Is 31726973119 a prime number?
False
Is 80269467653 prime?
True
Is 13740758881 a composite number?
False
Is 7419249707 a composite number?
False
Is 52877673467 a composite number?
False
Is 13306242379 a composite number?
False
Is 5941818593 composite?
False
Is 18588554401 composite?
True
Is 9728147159 a composite number?
False
Is 248400517 a composite number?
False
Is 966630463 a composite number?
True
Is 1401644917 a composite number?
True
Is 15888652399 a composite number?
True
Is 39004920733 prime?
True
Is 5519804041 prime?
False
Is 35754802361 prime?
False
Is 234021313 prime?
False
Is 775064071 composite?
False
Is 43542417727 a composite number?
False
Is 4484281927 a prime number?
False
Is 256571099 prime?
True
Is 11000340251 prime?
False
Is 196100473159 a prime number?
True
Is 4316896889 prime?
False
Is 82635607 composite?
True
Is 1879610329 prime?
False
Is 47829563403 a composite number?
True
Is 992378157 a composite number?
True
Is 1659581639 a composite number?
True
Is 753264383 prime?
False
Is 90293033939 a prime number?
False
Is 292259174843 prime?
True
Is 987872023 a composite number?
True
Is 9194173493 a composite number?
True
Is 5588900567 a prime number?
False
Is 6875748611 a composite number?
False
Is 59414779661 prime?
False
Is 3030637619 a composite number?
True
Is 7528703821 prime?
False
Is 72792767 a composite number?
False
Is 14298672923 composite?
True
Is 63999757171 a prime number?
False
Is 1296585145 composite?
True
Is 9719347541 prime?
False
Is 117320627213 a composite number?
True
Is 2378484221 prime?
True
Is 474544123 composite?
True
Is 13166357969 a prime number?
True
Is 15579283 a composite number?
False
Is 194473457 prime?
False
Is 1967932519 a prime number?
False
Is 5891491363 a composite number?
True
Is 15780836837 a prime number?
True
Is 42621995903 composite?
False
Is 60681255253 prime?
True
Is 2245981247 a composite number?
False
Is 403243987 prime?
False
Is 15573773857 composite?
False
Is 477720071 a prime number?
False
Is 98452472971 composite?
True
Is 40066740403 prime?
True
Is 666417677 composite?
False
Is 1187094521